{"id":145,"date":"2017-04-26T12:06:56","date_gmt":"2017-04-26T10:06:56","guid":{"rendered":"http:\/\/sriss.uniroma3.it\/?page_id=145"},"modified":"2024-04-30T21:18:45","modified_gmt":"2024-04-30T19:18:45","slug":"maria-del-sapio-garbero","status":"publish","type":"page","link":"https:\/\/bacheca.uniroma3.it\/sriss\/about-us\/maria-del-sapio-garbero\/","title":{"rendered":"Maria Del Sapio Garbero"},"content":{"rendered":"<div class=\"wp-block-image\">\n<figure class=\"alignleft size-large is-resized\"><img loading=\"lazy\" decoding=\"async\" width=\"768\" height=\"1024\" src=\"https:\/\/bacheca.uniroma3.it\/sriss\/wp-content\/uploads\/sites\/4\/2024\/04\/20210916_10525131-768x1024.jpg\" alt=\"\" class=\"wp-image-1935\" style=\"width:218px;height:auto\" srcset=\"https:\/\/bacheca.uniroma3.it\/sriss\/wp-content\/uploads\/sites\/4\/2024\/04\/20210916_10525131-768x1024.jpg 768w, https:\/\/bacheca.uniroma3.it\/sriss\/wp-content\/uploads\/sites\/4\/2024\/04\/20210916_10525131-225x300.jpg 225w, https:\/\/bacheca.uniroma3.it\/sriss\/wp-content\/uploads\/sites\/4\/2024\/04\/20210916_10525131-1152x1536.jpg 1152w, https:\/\/bacheca.uniroma3.it\/sriss\/wp-content\/uploads\/sites\/4\/2024\/04\/20210916_10525131-1536x2048.jpg 1536w, https:\/\/bacheca.uniroma3.it\/sriss\/wp-content\/uploads\/sites\/4\/2024\/04\/20210916_10525131-113x150.jpg 113w, https:\/\/bacheca.uniroma3.it\/sriss\/wp-content\/uploads\/sites\/4\/2024\/04\/20210916_10525131-scaled.jpg 1920w\" sizes=\"auto, (max-width: 768px) 100vw, 768px\" \/><\/figure><\/div>\n\n\n<p>Maria Del Sapio Garbero is Professor Emerita of English Literature at Roma Tre University, where she also served as Vice President of the School of Humanities,&nbsp; and she is the founding Honorary President of the Shakespeare\u2019s Rome International Summer School (SRISS). She has done extensive work on Shakespeare (with a special concern with the Roman works, the late plays, the European <em>Hamlet<\/em>, the interfacing of literature, science and the visual arts), as well as &nbsp;Victorian, modernist, and postmodern literature and culture. She was a member of the ESRA Board (European Shakespeare Research Association), the co-convenor of the Rome edition of <em>ESRA <\/em><em>2019<\/em>, and a member of the&nbsp; Advisory Board of <em>ESRA 2021 <\/em>(Athens)<em>.<\/em> She is &nbsp;a delegate member of the Stratford-upon-Avon International Shakespeare Conference. She was a member of the editorial board of <em>Textus. English Studies in Italy<\/em> and she is &nbsp;co-editor of the book series \u201cBiblioteca di Studi Inglesi\u201d for Edizioni di Storia e Letteratura. With her book <em>Il bene ritrovato. Le figlie di Shakespeare dal<\/em> King Lear <em>ai romances<\/em> she won the \u2018Casa delle donne\u2019 First Prize for Literature (Roma 2005). Her recent books include <em>Eretiche ed esteti<\/em>&nbsp; (ESI 2022) and <em>Shakespeare\u2019s Ruins and Myth of Rome<\/em> (Routledge 2022).<\/p>\n\n\n\n<p><strong>Selected Shakespearean publications<\/strong>:<\/p>\n\n\n\n<p><em>Shakespeare\u2019s Ruins and Myth of Rome<\/em> (New York and London: Routledge, 2022, pp. 404).<\/p>\n\n\n\n<p><em>Rome in Shakespeare\u2019s World<\/em>, ed. (Roma: Edizioni di Storia e Letteratura, 2018).<\/p>\n\n\n\n<p>\u201cShakespeare in One Act. Looking for Ophelia in the Italian War Time Context\u201d,&nbsp;<em>Sken\u00e8. Journal of&nbsp;Theatre and Drama Studies<\/em>, 4:1 (2018), pp. 145-62.<\/p>\n\n\n\n<p><em>Shakespeare and the New Science in Early Modern Culture<\/em>, ed. &nbsp;(Pisa: Pacini, 2016).<\/p>\n\n\n\n<p>\u201c\u2018Be stone no more\u2019: Maternity and Heretical Visual Art in Shakespeare\u2019s Late Plays\u201d, Actes des congr\u00e8s de la Soci\u00e9t\u00e9 Fran\u00e7aise Shakespeare. [En ligne], 33 \/ 2015. URL: http:\/\/Shakespeare.revues.org\/3493<\/p>\n\n\n\n<p>\u201cShakespeare\u2019s Maternal Transfigurations\u201d, in K. Bamford and N. J. Miller, eds,&nbsp;<em>Maternity and Romance Narratives in Early Modern England <\/em><em>(<\/em>Farnham and Burlington VT, Ashgate, 2015), pp. 93-117.<\/p>\n\n\n\n<p>&nbsp;\u201cTroubled Metaphors: Shakespeare and the Renaissance Anatomy of the Eye\u201d, in&nbsp;<em>Dialoge zwischen Wissenschaft, Kunst und Literatur in der Renaissance<\/em>, Klaus Bergdolt and Manfred Pfister, eds, Wolfenb\u00fctteler Abhandlungen zur Renaissance-forschung, 27 (Wiesbaden: Harrassowitz, &nbsp;2011), pp. 43-70.<\/p>\n\n\n\n<p><em>Questioning Bodies in Shakespeare\u2019s Rome<\/em>, co-ed.&nbsp;(G\u00f6ttingen, V&amp;R Unipress, 2010).<\/p>\n\n\n\n<p>\u201cA Spider in the Eye\/I: The Hallucinatory Staging of the Self in Shakespeare\u2019s&nbsp;<em>The Winter\u2019s Tale<\/em>\u201d, in <em>Solo performances. Staging the Early Modern Self in England<\/em>, Ute Berns, ed.&nbsp;(Amsterdam and New York: Rodopi, &nbsp;2010), pp.133-156.<\/p>\n\n\n\n<p><em>Identity, Otherness, and Empire in Shakespeare\u2019s Rome<\/em>, ed. (Farnham and Burlington VT: Ashgate&nbsp;, 2009. &nbsp;Routledge, paperback rpt, 2016).<\/p>\n\n\n\n<p>\u201cTranslating&nbsp;<em>Hamlet<\/em>&nbsp;\/ Botching up Ophelia\u2019s Half Sense\u201d,&nbsp;<em>Textus<\/em>, 3, 2007, pp. 518-537. Reprinted in Harold Bloom, ed.,&nbsp;<em>William Shakespeare\u2019s&nbsp;<\/em>Hamlet (New York: Infobase Publishing, 2009), pp. 135-150.<\/p>\n\n\n\n<p><em>Il bene ritrovato. Le figlie di Shakespeare dal&nbsp;<\/em>King Lear<em>&nbsp;ai romances<\/em> (Roma: Bulzoni, 2005).<\/p>\n\n\n\n<p><em>La Traduzione di Amleto nella cultura europea<\/em>, ed. (Venezia, Marsilio, 2002).<\/p>\n","protected":false},"excerpt":{"rendered":"<p>Maria Del Sapio Garbero is Professor Emerita of English Literature at Roma Tre University, where she also served as Vice President of the School of Humanities,&nbsp; and she is the founding Honorary President of the Shakespeare\u2019s Rome International Summer School (SRISS). She has done extensive work on Shakespeare (with a\u2026<\/p>\n<p class=\"continue-reading-button\"> <a class=\"continue-reading-link\" href=\"https:\/\/bacheca.uniroma3.it\/sriss\/about-us\/maria-del-sapio-garbero\/\">Continue reading<i class=\"crycon-right-dir\"><\/i><\/a><\/p>\n","protected":false},"author":2,"featured_media":0,"parent":742,"menu_order":0,"comment_status":"closed","ping_status":"closed","template":"templates\/template-twocolumns-right.php","meta":{"footnotes":""},"class_list":["post-145","page","type-page","status-publish","hentry"],"_links":{"self":[{"href":"https:\/\/bacheca.uniroma3.it\/sriss\/wp-json\/wp\/v2\/pages\/145","targetHints":{"allow":["GET"]}}],"collection":[{"href":"https:\/\/bacheca.uniroma3.it\/sriss\/wp-json\/wp\/v2\/pages"}],"about":[{"href":"https:\/\/bacheca.uniroma3.it\/sriss\/wp-json\/wp\/v2\/types\/page"}],"author":[{"embeddable":true,"href":"https:\/\/bacheca.uniroma3.it\/sriss\/wp-json\/wp\/v2\/users\/2"}],"replies":[{"embeddable":true,"href":"https:\/\/bacheca.uniroma3.it\/sriss\/wp-json\/wp\/v2\/comments?post=145"}],"version-history":[{"count":8,"href":"https:\/\/bacheca.uniroma3.it\/sriss\/wp-json\/wp\/v2\/pages\/145\/revisions"}],"predecessor-version":[{"id":1938,"href":"https:\/\/bacheca.uniroma3.it\/sriss\/wp-json\/wp\/v2\/pages\/145\/revisions\/1938"}],"up":[{"embeddable":true,"href":"https:\/\/bacheca.uniroma3.it\/sriss\/wp-json\/wp\/v2\/pages\/742"}],"wp:attachment":[{"href":"https:\/\/bacheca.uniroma3.it\/sriss\/wp-json\/wp\/v2\/media?parent=145"}],"curies":[{"name":"wp","href":"https:\/\/api.w.org\/{rel}","templated":true}]}}