{"id":546,"date":"2020-03-20T16:41:29","date_gmt":"2020-03-20T15:41:29","guid":{"rendered":"https:\/\/bacheca.uniroma3.it\/hpat\/?page_id=546"},"modified":"2025-10-20T14:19:28","modified_gmt":"2025-10-20T12:19:28","slug":"past-events-hegel-art-net","status":"publish","type":"page","link":"https:\/\/bacheca.uniroma3.it\/hpat\/conferences-workshops\/past-events-hegel-art-net\/","title":{"rendered":"Past events Hegel Art Net"},"content":{"rendered":"\n<hr class=\"wp-block-separator has-css-opacity\" \/>\n\n\n<div class=\"wp-block-image\">\n<figure class=\"aligncenter is-resized\"><img decoding=\"async\" src=\"https:\/\/bacheca.uniroma3.it\/hpat\/wp-content\/uploads\/sites\/3\/2019\/07\/Colbert-Galerie.jpg\" alt=\"This image has an empty alt attribute; its file name is Colbert-Galerie.jpg\" style=\"width:400px;height:268px\" \/><\/figure><\/div>\n\n\n<h4 class=\"wp-block-heading\">International Hegel Art Net Workshop &#8211; September 2019, Paris<\/h4>\n\n\n\n<h5 class=\"wp-block-heading\">&#8220;Translating Hegel&#8217;s Aesthetics \/ Traduire l&#8217;Esth\u00e9tique de Hegel \/ Tradurre l&#8217;Estetica di Hegel.&#8221;#1<\/h5>\n\n\n\n<ol class=\"wp-block-list\">\n<li>st      Hegel Art Net&#8217;s Workshop organised by <a href=\"http:\/\/www.thalim.cnrs.fr\/auteur\/mildred-galland-szymkowiak?lang=fr\">Mildred Galland-Szymkowiak<\/a>, <a href=\"http:\/\/filosofiacomunicazionespettacolo.uniroma3.it\/fiannelli\/\">Francesca Iannelli<\/a> and <a href=\"http:\/\/caphi.univ-nantes.fr\/_Alain-Patrick-Olivier_\">Alain Patrick Olivier<\/a> <\/li>\n<\/ol>\n\n\n\n<p>Paris, INHA, 26th&nbsp; September 2019, 14&nbsp;-17. <\/p>\n\n\n\n<h4 class=\"wp-block-heading\">Online International Hegel Art Net Workshop \u2013 April 2020<\/h4>\n\n\n\n<h5 class=\"wp-block-heading\">\u201cTranslating Hegel\u2019s Aesthetics \/ Traduire l\u2019Esth\u00e9tique de Hegel \/ Tradurre l\u2019Estetica di Hegel&#8221;#2<\/h5>\n\n\n\n<p>Due to the outbreak of the Coronavirus Pandemic (COVID-19), it was no possible&nbsp;to run our Hegel Art Net Workshop in its original format and location at Le Mans University (3<sup>rd<\/sup>-4<sup>th&nbsp;<\/sup>April 2020, France).&nbsp;Consequently we have decided to change the set-up of the event to an&nbsp;online format (in Skype).&nbsp;<a href=\"https:\/\/bacheca.uniroma3.it\/hpat\/wp-content\/uploads\/sites\/3\/2020\/05\/Hegel-Art-Net-VIRTUAL-Workshop-.pdf\">Here the program<\/a>.<\/p>\n\n\n\n<h4 class=\"wp-block-heading\">Online International Hegel Art Net Workshop \u2013 June 2020<\/h4>\n\n\n\n<h5 class=\"wp-block-heading\">\u201cTranslating Hegel\u2019s Aesthetics \/ Traduire l\u2019Esth\u00e9tique de Hegel \/ Tradurre l\u2019Estetica di Hegel&#8221;#3<\/h5>\n\n\n\n<p><a href=\"https:\/\/bacheca.uniroma3.it\/hpat\/wp-content\/uploads\/sites\/3\/2023\/05\/Program-June-2020_.pdf\">Here the program.<\/a><\/p>\n\n\n\n<h4 class=\"wp-block-heading\">Online National Hegel Art Net Workshop \u2013 September 2020<\/h4>\n\n\n\n<h5 class=\"wp-block-heading\">\u201cTranslating Hegel\u2019s Aesthetics \/ Traduire l\u2019Esth\u00e9tique de Hegel \/ Tradurre l\u2019Estetica di Hegel&#8221;#4<\/h5>\n\n\n\n<p><a href=\"https:\/\/bacheca.uniroma3.it\/hpat\/wp-content\/uploads\/sites\/3\/2023\/05\/Program-September-2020.pdf\">Here the program.<\/a><\/p>\n\n\n\n<p><\/p>\n\n\n\n<h4 class=\"wp-block-heading\">Online National Hegel Art Net Workshop \u2013 January 2021<\/h4>\n\n\n\n<h5 class=\"wp-block-heading\">\u201cTranslating Hegel\u2019s Aesthetics \/ Traduire l\u2019Esth\u00e9tique de Hegel \/ Tradurre l\u2019Estetica di Hegel&#8221;#5<\/h5>\n\n\n\n<p><a href=\"https:\/\/bacheca.uniroma3.it\/hpat\/wp-content\/uploads\/sites\/3\/2021\/01\/Program-Gennaio-2021.pdf\">Here the Program.<\/a>&nbsp;<\/p>\n\n\n\n<h4 class=\"wp-block-heading\"><strong>Online National Hegel Art Net Workshop \u2013 February 2021<\/strong><\/h4>\n\n\n\n<h5 class=\"wp-block-heading\"><strong>\u201cTranslating Hegel\u2019s Aesthetics \/ Traduire l\u2019Esth\u00e9tique de Hegel \/ Tradurre l\u2019Estetica di Hegel\u201d#6<\/strong><\/h5>\n\n\n\n<p><a href=\"https:\/\/bacheca.uniroma3.it\/hpat\/wp-content\/uploads\/sites\/3\/2023\/05\/Program-Februar-2021_.pdf\">Here the Program.&nbsp;<\/a><\/p>\n\n\n\n<h4 class=\"wp-block-heading\">Online National Hegel Art Net Workshop \u2013 July 2021<\/h4>\n\n\n\n<h5 class=\"wp-block-heading\">\u201cTranslating Hegel\u2019s Aesthetics \/ Traduire l\u2019Esth\u00e9tique de Hegel \/ Tradurre l\u2019Estetica di Hegel\u201d#7<\/h5>\n\n\n\n<p><strong><a href=\"https:\/\/bacheca.uniroma3.it\/hpat\/wp-content\/uploads\/sites\/3\/2021\/06\/July-2021-Programma-on-line-.pdf\">Here the programme<\/a><\/strong><\/p>\n\n\n\n<h4 class=\"wp-block-heading\">Online International Hegel Art Net Workshop \u2013 September 2021<\/h4>\n\n\n\n<h5 class=\"wp-block-heading\">\u201cTranslating Hegel\u2019s Aesthetics \/ Traduire l\u2019Esth\u00e9tique de Hegel \/ Tradurre l\u2019Estetica di Hegel\u201d#8<\/h5>\n\n\n\n<p><strong><a href=\"https:\/\/bacheca.uniroma3.it\/hpat\/wp-content\/uploads\/sites\/3\/2021\/10\/Program-September-2021-1.pdf\">Here the programme<\/a><\/strong><\/p>\n\n\n\n<h4 class=\"wp-block-heading\">Online National Hegel Art Net Workshop \u2013 7th January 2022<\/h4>\n\n\n\n<h5 class=\"wp-block-heading\">\u201cTranslating Hegel\u2019s Aesthetics \/ Traduire l\u2019Esth\u00e9tique de Hegel \/ Tradurre l\u2019Estetica di Hegel\u201d#9.&nbsp;<\/h5>\n\n\n\n<p><a href=\"https:\/\/bacheca.uniroma3.it\/hpat\/wp-content\/uploads\/sites\/3\/2022\/01\/Program_January_2022.pdf\">Here the programme<\/a><\/p>\n\n\n\n<h4 class=\"wp-block-heading\">Online National Hegel Art Net Workshop \u2013 31st January 2022<\/h4>\n\n\n\n<h5 class=\"wp-block-heading\">\u201cTranslating Hegel\u2019s Aesthetics \/ Traduire l\u2019Esth\u00e9tique de Hegel \/ Tradurre l\u2019Estetica di Hegel\u201d#10.<\/h5>\n\n\n\n<h4 class=\"wp-block-heading\">International Hegel Art Net Workshop \u2013 1st-2<sup>nd<\/sup>&nbsp;June 2022<\/h4>\n\n\n\n<h5 class=\"wp-block-heading\">\u201cTranslating Hegel\u2019s Aesthetics \/ Traduire l\u2019Esth\u00e9tique de Hegel \/ Tradurre l\u2019Estetica di Hegel\u201d #11<\/h5>\n\n\n\n<p>Esth\u00e9tique de Hegel : Cahiers d\u2019\u00e9tudiants<\/p>\n\n\n\n<p>Institut National d\u2019Histoire de l\u2019Art &#8211; Salle Fabri de Peiresc &#8211; 2 rue Vivienne, Paris<\/p>\n\n\n\n<p><a href=\"https:\/\/bacheca.uniroma3.it\/hpat\/wp-content\/uploads\/sites\/3\/2022\/05\/Aff_prog_WEB_JE_Esth_Hegel_juin_2022-FINAL.pdf\" data-type=\"URL\" data-id=\"https:\/\/bacheca.uniroma3.it\/hpat\/wp-content\/uploads\/sites\/3\/2022\/05\/Aff_prog_WEB_JE_Esth_Hegel_juin_2022-FINAL.pdf\">Here the programme<\/a><\/p>\n\n\n\n<h4 class=\"wp-block-heading has-medium-font-size\">International Hegel Art Net Workshop \u2013 May-June 2023<\/h4>\n\n\n\n<h5 class=\"wp-block-heading has-small-font-size\">\u201cTranslating Hegel\u2019s Aesthetics \/ Traduire l\u2019Esth\u00e9tique de Hegel \/ Tradurre l\u2019Estetica di Hegel\u201d #12<\/h5>\n\n\n\n<p>IISF, Naples, Italy<\/p>\n\n\n\n<p><a href=\"https:\/\/bacheca.uniroma3.it\/hpat\/wp-content\/uploads\/sites\/3\/2024\/07\/31_maggio_2_giugno_2023_Hegel9.pdf\">Here the programme<\/a><\/p>\n\n\n\n<h4 class=\"wp-block-heading has-medium-font-size\">Hegel Art Net international Panel at the 2024 World Congress of Philosophy &#8211; Sapienza University of Rome<\/h4>\n\n\n\n<h5 class=\"wp-block-heading has-small-font-size\">August 2, 2024 (Session of the SIE Society and National Council of Philosophy)&nbsp;<\/h5>\n\n\n\n<p><a href=\"https:\/\/bacheca.uniroma3.it\/hpat\/wp-content\/uploads\/sites\/3\/2024\/07\/Schermata-2024-07-26-alle-16.32.15.jpg\">Here the programme <\/a><\/p>\n\n\n\n<h4 class=\"wp-block-heading has-medium-font-size\">Hegel Art Net international Panel at the 2024 World Congress of Philosophy &#8211; Sapienza University of Rome<\/h4>\n\n\n\n<p>August 5, 2024<\/p>\n\n\n\n<p><a href=\"https:\/\/bacheca.uniroma3.it\/hpat\/wp-content\/uploads\/sites\/3\/2024\/07\/Panel-3.pdf\">Here the programme<\/a><\/p>\n\n\n\n<h4 class=\"wp-block-heading\">Hegel Art Net national event at the IISG, in Rome.<\/h4>\n\n\n\n<p>The event took place during the national workshops <em>Mapping Hegel\u2019s Lectures on Aesthetics: A Catalogue for an Imaginary Museum<\/em>&nbsp;(February 17 and 18, 2025), held at Villa Sciarra in Rome, as part of the <em>Intersezioni<\/em>&nbsp;project (directed by Francesca Iannelli, Francesco Campana, and Gabriele Tomasi)<\/p>\n\n\n\n<p><a href=\"https:\/\/bacheca.uniroma3.it\/hpat\/wp-content\/uploads\/sites\/3\/2025\/10\/Schermata-2025-10-20-alle-13.02.41.jpg\">Here the programme<\/a><\/p>\n\n\n\n<h4 class=\"wp-block-heading\">Hegel Art Net international event at the IISG, in Rome&nbsp;<\/h4>\n\n\n\n<p>The event took place&nbsp;during the international workshops <em>Mapping Hegel\u2019s Lectures on Aesthetics: A Catalogue for an Imaginary Museum<\/em>&nbsp;(April 14-15, 2025), held at Villa Sciarra in Rome, as part of the <em>Intersezioni<\/em>&nbsp;project (directed by Francesca Iannelli, Francesco Campana, and Gabriele Tomasi)<\/p>\n\n\n\n<p><a href=\"https:\/\/bacheca.uniroma3.it\/hpat\/wp-content\/uploads\/sites\/3\/2025\/10\/Schermata-2025-10-20-alle-13.04.51.jpg\">Here the programme<\/a><\/p>\n\n\n\n<h4 class=\"wp-block-heading\">Hegel Art Net at the ENS in Paris<\/h4>\n\n\n\n<p>The event took place&nbsp;during an international workshop held in Paris, <em>L\u2019architecture dans l\u2019esth\u00e9tique de Hegel. Philosophie, th\u00e9ories, \u0153uvres<\/em>, held on September 26, 2025, at the \u00c9cole normale sup\u00e9rieur (directed by Mildred Galland-Szymkowiak)<\/p>\n\n\n\n<p><a href=\"https:\/\/bacheca.uniroma3.it\/hpat\/wp-content\/uploads\/sites\/3\/2025\/09\/Screenshot-2025-09-22-alle-17.43.19.png\">Here the programme<\/a><\/p>\n","protected":false},"excerpt":{"rendered":"<p>International Hegel Art Net Workshop &#8211; September 2019, Paris &#8220;Translating Hegel&#8217;s Aesthetics \/ Traduire l&#8217;Esth\u00e9tique de Hegel \/ Tradurre l&#8217;Estetica di Hegel.&#8221;#1 Paris, INHA, 26th&nbsp; September 2019, 14&nbsp;-17. Online International Hegel Art Net Workshop \u2013 April 2020 \u201cTranslating Hegel\u2019s Aesthetics \/ Traduire l\u2019Esth\u00e9tique de Hegel \/ Tradurre l\u2019Estetica di Hegel&#8221;#2&#8230;<\/p>\n<p class=\"continue-reading-button\"> <a class=\"continue-reading-link\" href=\"https:\/\/bacheca.uniroma3.it\/hpat\/conferences-workshops\/past-events-hegel-art-net\/\">Continue reading<i class=\"crycon-right-dir\"><\/i><\/a><\/p>\n","protected":false},"author":3,"featured_media":0,"parent":6,"menu_order":2,"comment_status":"closed","ping_status":"closed","template":"","meta":{"footnotes":""},"class_list":["post-546","page","type-page","status-publish","hentry"],"_links":{"self":[{"href":"https:\/\/bacheca.uniroma3.it\/hpat\/wp-json\/wp\/v2\/pages\/546","targetHints":{"allow":["GET"]}}],"collection":[{"href":"https:\/\/bacheca.uniroma3.it\/hpat\/wp-json\/wp\/v2\/pages"}],"about":[{"href":"https:\/\/bacheca.uniroma3.it\/hpat\/wp-json\/wp\/v2\/types\/page"}],"author":[{"embeddable":true,"href":"https:\/\/bacheca.uniroma3.it\/hpat\/wp-json\/wp\/v2\/users\/3"}],"replies":[{"embeddable":true,"href":"https:\/\/bacheca.uniroma3.it\/hpat\/wp-json\/wp\/v2\/comments?post=546"}],"version-history":[{"count":28,"href":"https:\/\/bacheca.uniroma3.it\/hpat\/wp-json\/wp\/v2\/pages\/546\/revisions"}],"predecessor-version":[{"id":1427,"href":"https:\/\/bacheca.uniroma3.it\/hpat\/wp-json\/wp\/v2\/pages\/546\/revisions\/1427"}],"up":[{"embeddable":true,"href":"https:\/\/bacheca.uniroma3.it\/hpat\/wp-json\/wp\/v2\/pages\/6"}],"wp:attachment":[{"href":"https:\/\/bacheca.uniroma3.it\/hpat\/wp-json\/wp\/v2\/media?parent=546"}],"curies":[{"name":"wp","href":"https:\/\/api.w.org\/{rel}","templated":true}]}}